{"id":2,"date":"2018-12-18T11:14:23","date_gmt":"2018-12-18T10:14:23","guid":{"rendered":"http:\/\/clubchicane.fr\/?page_id=2"},"modified":"2019-01-10T10:04:19","modified_gmt":"2019-01-10T09:04:19","slug":"sorties","status":"publish","type":"page","link":"https:\/\/clubchicane.fr\/index.php\/sorties\/","title":{"rendered":"Sorties"},"content":{"rendered":"<h3>Le Club Chicane on the road&#8230;<\/h3>\n<p>Une sortie, un \u00e9v\u00e8nement, une ballade&#8230; Toute l&#8217;actualit\u00e9 du club regroup\u00e9e ici.<\/p>\n<blockquote><p>On vous rencontre quand ? \ud83d\ude09<\/p><\/blockquote>\n<hr \/>\n<div class='container-fluid rt-tpg-container rt-tpg-container-136 ' data-sc-id='136' id='rt-tpg-container-1134251490'><div class='rt-row rt-content-loader layout1'><style type='text\/css' media='all'>#rt-tpg-container-1134251490 .rt-detail i,\n                        #rt-tpg-container-1134251490 .rt-detail .post-meta-user a,\n                        #rt-tpg-container-1134251490 .rt-detail .post-meta-category a{color:#020000;}body .rt-tpg-container .rt-tpg-isotope-buttons .selected{background-color:#020000;}#rt-tpg-container-1134251490 .pagination li a,\n                #rt-tpg-container-1134251490 .rt-tpg-isotope-buttons button,\n                #rt-tpg-container-1134251490 .rt-detail .read-more a{background-color:#dd3333;}#rt-tpg-container-1134251490 .pagination li a:hover,\n                        #rt-tpg-container-1134251490 .rt-tpg-isotope-buttons button:hover,\n                        #rt-tpg-container-1134251490 .rt-detail .read-more a:hover{background-color:#dd3333;}#rt-tpg-container-1134251490 .pagination li.active span, \n                            #rt-tpg-container-1134251490 .rt-tpg-isotope-buttons button.selected{background-color:#dbdbdb;}#rt-tpg-container-1134251490 .pagination li a,\n                        #rt-tpg-container-1134251490 .rt-tpg-isotope-buttons button,\n                        #rt-tpg-container-1134251490 .rt-detail .read-more a{color:#ffffff;}#rt-tpg-container-1134251490 .rt-detail h2.entry-title a,\n                         #rt-tpg-container-1134251490 .rt-detail h3.entry-title a,\n                         #rt-tpg-container-1134251490 .rt-detail h4.entry-title a{color:#dd3333;}<\/style><div class=\"rt-col-lg-4 rt-col-md-4 rt-col-sm-6 rt-col-xs-12 rt-equal-height\" data-id=\"1531\"><div class=\"rt-holder\"><div class=\"rt-img-holder\"><a href=\"https:\/\/clubchicane.fr\/index.php\/2020\/02\/09\/retromobile-2020\/\"><img class=\"img-responsive\" src=\"https:\/\/clubchicane.fr\/wp-content\/uploads\/2020\/02\/affiche_retromobile2020-150x150.jpg\" alt=\"R\u00e9tromobile 2020\"><\/a><\/div> <div class=\"rt-detail\"><h2 class=\"entry-title\"><a href=\"https:\/\/clubchicane.fr\/index.php\/2020\/02\/09\/retromobile-2020\/\">R\u00e9tromobile 2020<\/a><\/h2><div class='post-meta-user'><span class='date'><i class='fa fa-calendar'><\/i>9 f\u00e9vrier 2020<\/span><span class='categories-links'><i class='fa fa-folder-open-o'><\/i><a href=\"https:\/\/clubchicane.fr\/index.php\/category\/sorties\/\" rel=\"tag\">sorties<\/a><\/span><\/div><div class='post-content'>En f\u00e9vrier 2020 se tenait la 45\u00e8me \u00e9dition du salon d\u00e9di\u00e9 \u00e0 l&#8217;automobile ...<\/div><div class='post-meta'><div class=\"read-more\"><a href=\"https:\/\/clubchicane.fr\/index.php\/2020\/02\/09\/retromobile-2020\/\">Voir la suite<\/a><\/div><\/div><\/div><\/div><\/div><div class=\"rt-col-lg-4 rt-col-md-4 rt-col-sm-6 rt-col-xs-12 rt-equal-height\" data-id=\"1541\"><div class=\"rt-holder\"><div class=\"rt-img-holder\"><a href=\"https:\/\/clubchicane.fr\/index.php\/2020\/01\/12\/traversee-de-paris-hivernale-2020\/\"><img class=\"img-responsive\" src=\"https:\/\/clubchicane.fr\/wp-content\/uploads\/2020\/01\/arton10941-150x150.jpg\" alt=\"Travers\u00e9e de Paris hivernale 2020\"><\/a><\/div> <div class=\"rt-detail\"><h2 class=\"entry-title\"><a href=\"https:\/\/clubchicane.fr\/index.php\/2020\/01\/12\/traversee-de-paris-hivernale-2020\/\">Travers\u00e9e de Paris hivernale 2020<\/a><\/h2><div class='post-meta-user'><span class='date'><i class='fa fa-calendar'><\/i>12 janvier 2020<\/span><span class='categories-links'><i class='fa fa-folder-open-o'><\/i><a href=\"https:\/\/clubchicane.fr\/index.php\/category\/sorties\/\" rel=\"tag\">sorties<\/a><\/span><\/div><div class='post-content'>Vincennes en Anciennes, organisatrice de la Travers\u00e9e de Paris a c\u00e9l\u00e9br\u00e9 un ...<\/div><div class='post-meta'><div class=\"read-more\"><a href=\"https:\/\/clubchicane.fr\/index.php\/2020\/01\/12\/traversee-de-paris-hivernale-2020\/\">Voir la suite<\/a><\/div><\/div><\/div><\/div><\/div><div class=\"rt-col-lg-4 rt-col-md-4 rt-col-sm-6 rt-col-xs-12 rt-equal-height\" data-id=\"1311\"><div class=\"rt-holder\"><div class=\"rt-img-holder\"><a href=\"https:\/\/clubchicane.fr\/index.php\/2019\/05\/04\/course-de-cote-historique-arles-corsavy\/\"><img class=\"img-responsive\" src=\"https:\/\/clubchicane.fr\/wp-content\/uploads\/2019\/05\/accueil_cote-150x150.jpg\" alt=\"Course de C\u00f4te Historique Arles-Corsavy\"><\/a><\/div> <div class=\"rt-detail\"><h2 class=\"entry-title\"><a href=\"https:\/\/clubchicane.fr\/index.php\/2019\/05\/04\/course-de-cote-historique-arles-corsavy\/\">Course de C\u00f4te Historique Arles-Corsavy<\/a><\/h2><div class='post-meta-user'><span class='date'><i class='fa fa-calendar'><\/i>4 mai 2019<\/span><span class='categories-links'><i class='fa fa-folder-open-o'><\/i><a href=\"https:\/\/clubchicane.fr\/index.php\/category\/sorties\/\" rel=\"tag\">sorties<\/a><\/span><\/div><div class='post-content'>De 1960 \u00e0 2019, la l\u00e9gende continue ! La course mythique des ann\u00e9es 60\/70. En ...<\/div><div class='post-meta'><div class=\"read-more\"><a href=\"https:\/\/clubchicane.fr\/index.php\/2019\/05\/04\/course-de-cote-historique-arles-corsavy\/\">Voir la suite<\/a><\/div><\/div><\/div><\/div><\/div><div class=\"rt-col-lg-4 rt-col-md-4 rt-col-sm-6 rt-col-xs-12 rt-equal-height\" data-id=\"1180\"><div class=\"rt-holder\"><div class=\"rt-img-holder\"><a href=\"https:\/\/clubchicane.fr\/index.php\/2019\/01\/13\/traversee-de-paris-2019\/\"><img class=\"img-responsive\" src=\"https:\/\/clubchicane.fr\/wp-content\/uploads\/2019\/01\/Capture-d\u2019e\u0301cran-2019-01-13-a\u0300-17.42.32-150x150.png\" alt=\"Travers\u00e9e de Paris 2019\"><\/a><\/div> <div class=\"rt-detail\"><h2 class=\"entry-title\"><a href=\"https:\/\/clubchicane.fr\/index.php\/2019\/01\/13\/traversee-de-paris-2019\/\">Travers\u00e9e de Paris 2019<\/a><\/h2><div class='post-meta-user'><span class='date'><i class='fa fa-calendar'><\/i>13 janvier 2019<\/span><span class='categories-links'><i class='fa fa-folder-open-o'><\/i><a href=\"https:\/\/clubchicane.fr\/index.php\/category\/sorties\/\" rel=\"tag\">sorties<\/a><\/span><\/div><div class='post-content'>Organis\u00e9e par la tr\u00e8s active association Vincennes en anciennes, la travers\u00e9e ...<\/div><div class='post-meta'><div class=\"read-more\"><a href=\"https:\/\/clubchicane.fr\/index.php\/2019\/01\/13\/traversee-de-paris-2019\/\">Voir la suite<\/a><\/div><\/div><\/div><\/div><\/div><div class=\"rt-col-lg-4 rt-col-md-4 rt-col-sm-6 rt-col-xs-12 rt-equal-height\" data-id=\"1082\"><div class=\"rt-holder\"><div class=\"rt-img-holder\"><a href=\"https:\/\/clubchicane.fr\/index.php\/2018\/04\/29\/classic-days-2018\/\"><img class=\"img-responsive\" src=\"https:\/\/clubchicane.fr\/wp-content\/uploads\/2019\/01\/classicdays2018-1-150x150.png\" alt=\"Classic Days 2018\"><\/a><\/div> <div class=\"rt-detail\"><h2 class=\"entry-title\"><a href=\"https:\/\/clubchicane.fr\/index.php\/2018\/04\/29\/classic-days-2018\/\">Classic Days 2018<\/a><\/h2><div class='post-meta-user'><span class='date'><i class='fa fa-calendar'><\/i>29 avril 2018<\/span><span class='categories-links'><i class='fa fa-folder-open-o'><\/i><a href=\"https:\/\/clubchicane.fr\/index.php\/category\/sorties\/\" rel=\"tag\">sorties<\/a><\/span><\/div><div class='post-content'>Une fois de plus, sortie du club sur un week-end complet lors des Classic Days ...<\/div><div class='post-meta'><div class=\"read-more\"><a href=\"https:\/\/clubchicane.fr\/index.php\/2018\/04\/29\/classic-days-2018\/\">Voir la suite<\/a><\/div><\/div><\/div><\/div><\/div><div class=\"rt-col-lg-4 rt-col-md-4 rt-col-sm-6 rt-col-xs-12 rt-equal-height\" data-id=\"997\"><div class=\"rt-holder\"><div class=\"rt-img-holder\"><a href=\"https:\/\/clubchicane.fr\/index.php\/2017\/04\/30\/classic-days-2017\/\"><img class=\"img-responsive\" src=\"https:\/\/clubchicane.fr\/wp-content\/uploads\/2019\/01\/classicdays2017-150x150.png\" alt=\"Classic Days 2017\"><\/a><\/div> <div class=\"rt-detail\"><h2 class=\"entry-title\"><a href=\"https:\/\/clubchicane.fr\/index.php\/2017\/04\/30\/classic-days-2017\/\">Classic Days 2017<\/a><\/h2><div class='post-meta-user'><span class='date'><i class='fa fa-calendar'><\/i>30 avril 2017<\/span><span class='categories-links'><i class='fa fa-folder-open-o'><\/i><a href=\"https:\/\/clubchicane.fr\/index.php\/category\/sorties\/\" rel=\"tag\">sorties<\/a><\/span><\/div><div class='post-content'>Sortie du club sur un week-end complet lors des Classic Days 2017 organis\u00e9s ...<\/div><div class='post-meta'><div class=\"read-more\"><a href=\"https:\/\/clubchicane.fr\/index.php\/2017\/04\/30\/classic-days-2017\/\">Voir la suite<\/a><\/div><\/div><\/div><\/div><\/div><div class=\"rt-col-lg-4 rt-col-md-4 rt-col-sm-6 rt-col-xs-12 rt-equal-height\" data-id=\"674\"><div class=\"rt-holder\"><div class=\"rt-img-holder\"><a href=\"https:\/\/clubchicane.fr\/index.php\/2016\/05\/01\/classic-days-2016\/\"><img class=\"img-responsive\" src=\"https:\/\/clubchicane.fr\/wp-content\/uploads\/2016\/05\/classicdays2016-150x150.png\" alt=\"Classic Days 2016\"><\/a><\/div> <div class=\"rt-detail\"><h2 class=\"entry-title\"><a href=\"https:\/\/clubchicane.fr\/index.php\/2016\/05\/01\/classic-days-2016\/\">Classic Days 2016<\/a><\/h2><div class='post-meta-user'><span class='date'><i class='fa fa-calendar'><\/i>1 mai 2016<\/span><span class='categories-links'><i class='fa fa-folder-open-o'><\/i><a href=\"https:\/\/clubchicane.fr\/index.php\/category\/non-classe\/\" rel=\"tag\">Non class\u00e9<\/a>, <a href=\"https:\/\/clubchicane.fr\/index.php\/category\/sorties\/\" rel=\"tag\">sorties<\/a><\/span><\/div><div class='post-content'>Sortie du club sur un week-end complet lors des Classic Days 2016 organis\u00e9s ...<\/div><div class='post-meta'><div class=\"read-more\"><a href=\"https:\/\/clubchicane.fr\/index.php\/2016\/05\/01\/classic-days-2016\/\">Voir la suite<\/a><\/div><\/div><\/div><\/div><\/div><div class=\"rt-col-lg-4 rt-col-md-4 rt-col-sm-6 rt-col-xs-12 rt-equal-height\" data-id=\"478\"><div class=\"rt-holder\"><div class=\"rt-img-holder\"><a href=\"https:\/\/clubchicane.fr\/index.php\/2016\/01\/09\/traversee-de-paris-2016\/\"><img class=\"img-responsive\" src=\"https:\/\/clubchicane.fr\/wp-content\/uploads\/2019\/01\/IMG_8197-150x150.jpg\" alt=\"Travers\u00e9e de Paris 2016\"><\/a><\/div> <div class=\"rt-detail\"><h2 class=\"entry-title\"><a href=\"https:\/\/clubchicane.fr\/index.php\/2016\/01\/09\/traversee-de-paris-2016\/\">Travers\u00e9e de Paris 2016<\/a><\/h2><div class='post-meta-user'><span class='date'><i class='fa fa-calendar'><\/i>9 janvier 2016<\/span><span class='categories-links'><i class='fa fa-folder-open-o'><\/i><a href=\"https:\/\/clubchicane.fr\/index.php\/category\/sorties\/\" rel=\"tag\">sorties<\/a><\/span><\/div><div class='post-content'>Organis\u00e9e par la tr\u00e8s active association Vincennes en anciennes, la travers\u00e9e ...<\/div><div class='post-meta'><div class=\"read-more\"><a href=\"https:\/\/clubchicane.fr\/index.php\/2016\/01\/09\/traversee-de-paris-2016\/\">Voir la suite<\/a><\/div><\/div><\/div><\/div><\/div><div class=\"rt-col-lg-4 rt-col-md-4 rt-col-sm-6 rt-col-xs-12 rt-equal-height\" data-id=\"706\"><div class=\"rt-holder\"><div class=\"rt-img-holder\"><a href=\"https:\/\/clubchicane.fr\/index.php\/2015\/05\/03\/classic-days-2015\/\"><img class=\"img-responsive\" src=\"https:\/\/clubchicane.fr\/wp-content\/uploads\/2019\/01\/classicdays2015-150x150.png\" alt=\"Classic Days 2015\"><\/a><\/div> <div class=\"rt-detail\"><h2 class=\"entry-title\"><a href=\"https:\/\/clubchicane.fr\/index.php\/2015\/05\/03\/classic-days-2015\/\">Classic Days 2015<\/a><\/h2><div class='post-meta-user'><span class='date'><i class='fa fa-calendar'><\/i>3 mai 2015<\/span><span class='categories-links'><i class='fa fa-folder-open-o'><\/i><a href=\"https:\/\/clubchicane.fr\/index.php\/category\/sorties\/\" rel=\"tag\">sorties<\/a><\/span><\/div><div class='post-content'>Sortie du club sur un week-end complet lors des Classic Days 2016 organis\u00e9s ...<\/div><div class='post-meta'><div class=\"read-more\"><a href=\"https:\/\/clubchicane.fr\/index.php\/2015\/05\/03\/classic-days-2015\/\">Voir la suite<\/a><\/div><\/div><\/div><\/div><\/div><div class=\"rt-col-lg-4 rt-col-md-4 rt-col-sm-6 rt-col-xs-12 rt-equal-height\" data-id=\"396\"><div class=\"rt-holder\"><div class=\"rt-img-holder\"><a href=\"https:\/\/clubchicane.fr\/index.php\/2015\/01\/12\/traversee-de-paris-2015\/\"><img class=\"img-responsive\" src=\"https:\/\/clubchicane.fr\/wp-content\/uploads\/2019\/01\/logo_vea-150x150.png\" alt=\"Travers\u00e9e de Paris 2015\"><\/a><\/div> <div class=\"rt-detail\"><h2 class=\"entry-title\"><a href=\"https:\/\/clubchicane.fr\/index.php\/2015\/01\/12\/traversee-de-paris-2015\/\">Travers\u00e9e de Paris 2015<\/a><\/h2><div class='post-meta-user'><span class='date'><i class='fa fa-calendar'><\/i>12 janvier 2015<\/span><span class='categories-links'><i class='fa fa-folder-open-o'><\/i><a href=\"https:\/\/clubchicane.fr\/index.php\/category\/sorties\/\" rel=\"tag\">sorties<\/a><\/span><\/div><div class='post-content'>Organis\u00e9e par la tr\u00e8s active association Vincennes en anciennes, la travers\u00e9e ...<\/div><div class='post-meta'><div class=\"read-more\"><a href=\"https:\/\/clubchicane.fr\/index.php\/2015\/01\/12\/traversee-de-paris-2015\/\">Voir la suite<\/a><\/div><\/div><\/div><\/div><\/div><\/div><div class=\"rt-pagination\"><ul class=\"pagination\"><li class='active'><span>1<\/span><\/li><li><a href='https:\/\/clubchicane.fr\/index.php\/wp-json\/wp\/v2\/pages\/2\/page\/2\/'>2<\/a><\/li><\/ul><\/div><\/div>\n","protected":false},"excerpt":{"rendered":"<p>Le Club Chicane on the road&#8230; Une sortie, un \u00e9v\u00e8nement, une ballade&#8230; Toute l&#8217;actualit\u00e9 du club regroup\u00e9e ici. On vous rencontre quand ? \ud83d\ude09<\/p>\n","protected":false},"author":1,"featured_media":0,"parent":0,"menu_order":0,"comment_status":"closed","ping_status":"open","template":"fullwidth.php","meta":[],"_links":{"self":[{"href":"https:\/\/clubchicane.fr\/index.php\/wp-json\/wp\/v2\/pages\/2"}],"collection":[{"href":"https:\/\/clubchicane.fr\/index.php\/wp-json\/wp\/v2\/pages"}],"about":[{"href":"https:\/\/clubchicane.fr\/index.php\/wp-json\/wp\/v2\/types\/page"}],"author":[{"embeddable":true,"href":"https:\/\/clubchicane.fr\/index.php\/wp-json\/wp\/v2\/users\/1"}],"replies":[{"embeddable":true,"href":"https:\/\/clubchicane.fr\/index.php\/wp-json\/wp\/v2\/comments?post=2"}],"version-history":[{"count":5,"href":"https:\/\/clubchicane.fr\/index.php\/wp-json\/wp\/v2\/pages\/2\/revisions"}],"predecessor-version":[{"id":485,"href":"https:\/\/clubchicane.fr\/index.php\/wp-json\/wp\/v2\/pages\/2\/revisions\/485"}],"wp:attachment":[{"href":"https:\/\/clubchicane.fr\/index.php\/wp-json\/wp\/v2\/media?parent=2"}],"curies":[{"name":"wp","href":"https:\/\/api.w.org\/{rel}","templated":true}]}}